{"id":25,"date":"2023-06-19T07:26:55","date_gmt":"2023-06-19T07:26:55","guid":{"rendered":"https:\/\/aguaydrenajedelbajio.com.mx\/?page_id=25"},"modified":"2024-05-07T21:28:08","modified_gmt":"2024-05-07T21:28:08","slug":"servicios","status":"publish","type":"page","link":"https:\/\/aguaydrenajedelbajio.com.mx\/index.php\/servicios\/","title":{"rendered":"Servicios"},"content":{"rendered":"<p>[et_pb_section fb_built=\u00bb1&#8243; _builder_version=\u00bb4.21.0&#8243; _module_preset=\u00bbdefault\u00bb background_color=\u00bb#002154&#8243; custom_padding=\u00bb10px||10px||true|false\u00bb global_colors_info=\u00bb{}\u00bb][et_pb_row _builder_version=\u00bb4.21.0&#8243; _module_preset=\u00bbdefault\u00bb global_colors_info=\u00bb{}\u00bb][et_pb_column type=\u00bb4_4&#8243; _builder_version=\u00bb4.21.0&#8243; _module_preset=\u00bbdefault\u00bb global_colors_info=\u00bb{}\u00bb][et_pb_text _builder_version=\u00bb4.21.0&#8243; _module_preset=\u00bbdefault\u00bb text_text_color=\u00bb#FFFFFF\u00bb text_font_size=\u00bb28px\u00bb global_colors_info=\u00bb{}\u00bb]<\/p>\n<p><strong>Cat\u00e1logo de Servicios<\/strong><\/p>\n<p>[\/et_pb_text][\/et_pb_column][\/et_pb_row][\/et_pb_section][et_pb_section fb_built=\u00bb1&#8243; _builder_version=\u00bb4.21.0&#8243; _module_preset=\u00bbdefault\u00bb background_color=\u00bb#FFFFFF\u00bb background_image=\u00bbhttps:\/\/aguaydrenajedelbajio.com.mx\/wp-content\/uploads\/2023\/06\/fonfo_blanco.jpg\u00bb parallax=\u00bbon\u00bb parallax_method=\u00bboff\u00bb custom_padding=\u00bb71px||71px||true|false\u00bb top_divider_color=\u00bb#FFFFFF\u00bb top_divider_height=\u00bb130px\u00bb top_divider_flip=\u00bbvertical\u00bb global_colors_info=\u00bb{}\u00bb][et_pb_row column_structure=\u00bb2_5,3_5&#8243; use_custom_gutter=\u00bbon\u00bb make_equal=\u00bbon\u00bb _builder_version=\u00bb4.25.0&#8243; _module_preset=\u00bbdefault\u00bb background_color=\u00bbrgba(255,255,255,0.65)\u00bb max_width=\u00bb1200px\u00bb custom_margin=\u00bb25px||25px||true|false\u00bb custom_padding=\u00bb|31px||31px|false|true\u00bb animation_style=\u00bbslide\u00bb animation_direction=\u00bbleft\u00bb hover_enabled=\u00bb0&#8243; custom_css_main_element=\u00bbdisplay: flex;||align-items: center;\u00bb border_radii=\u00bbon|10px|10px|10px|10px\u00bb box_shadow_style=\u00bbpreset3&#8243; global_colors_info=\u00bb{}\u00bb sticky_enabled=\u00bb0&#8243;][et_pb_column type=\u00bb2_5&#8243; _builder_version=\u00bb4.19.2&#8243; _module_preset=\u00bbdefault\u00bb global_colors_info=\u00bb{}\u00bb][et_pb_text _builder_version=\u00bb4.21.0&#8243; _module_preset=\u00bbdefault\u00bb text_font=\u00bb|600|||||||\u00bb text_text_color=\u00bb#0a0001&#8243; text_font_size=\u00bb23px\u00bb text_line_height=\u00bb1.8em\u00bb custom_padding=\u00bb18px||18px|7px|true|false\u00bb global_colors_info=\u00bb{}\u00bb]<\/p>\n<p>Desazolve de fosas y\/o tanques:<\/p>\n<p>[\/et_pb_text][et_pb_divider color=\u00bb#ed6a12&#8243; _builder_version=\u00bb4.21.0&#8243; _module_preset=\u00bbdefault\u00bb border_width_top=\u00bb5px\u00bb border_color_top=\u00bb#ed6a12&#8243; global_colors_info=\u00bb{}\u00bb][\/et_pb_divider][et_pb_text _builder_version=\u00bb4.21.0&#8243; _module_preset=\u00bbdefault\u00bb text_font=\u00bb|600|||||||\u00bb text_text_color=\u00bb#0a0001&#8243; text_font_size=\u00bb20px\u00bb text_line_height=\u00bb1.8em\u00bb custom_padding=\u00bb18px||18px|7px|true|false\u00bb global_colors_info=\u00bb{}\u00bb]<\/p>\n<p>Limpieza de fosas s\u00e9pticas<\/p>\n<p>Limpieza de tanques<\/p>\n<p>Limpieza de tanques por buceo<\/p>\n<p>Limpieza de tanques en plantas de tratamiento<\/p>\n<p>Limpieza de c\u00e1rcamos<\/p>\n<p>[\/et_pb_text][\/et_pb_column][et_pb_column type=\u00bb3_5&#8243; _builder_version=\u00bb4.19.2&#8243; _module_preset=\u00bbdefault\u00bb global_colors_info=\u00bb{}\u00bb][et_pb_image src=\u00bbhttps:\/\/aguaydrenajedelbajio.com.mx\/wp-content\/uploads\/2023\/06\/desasolve_1.jpg\u00bb title_text=\u00bbdesasolve_1&#8243; _builder_version=\u00bb4.21.0&#8243; _module_preset=\u00bbdefault\u00bb animation_style=\u00bbfade\u00bb border_radii=\u00bbon|7px|7px|7px|7px\u00bb global_colors_info=\u00bb{}\u00bb][\/et_pb_image][\/et_pb_column][\/et_pb_row][et_pb_row column_structure=\u00bb2_5,3_5&#8243; use_custom_gutter=\u00bbon\u00bb make_equal=\u00bbon\u00bb _builder_version=\u00bb4.21.0&#8243; _module_preset=\u00bbdefault\u00bb background_color=\u00bbrgba(255,255,255,0.65)\u00bb max_width=\u00bb1200px\u00bb custom_margin=\u00bb25px||25px||true|false\u00bb custom_padding=\u00bb|31px||31px|false|true\u00bb animation_style=\u00bbslide\u00bb animation_direction=\u00bbright\u00bb scroll_scaling_enable=\u00bbon\u00bb custom_css_main_element=\u00bbdisplay: flex;||align-items: center;\u00bb border_radii=\u00bbon|10px|10px|10px|10px\u00bb box_shadow_style=\u00bbpreset3&#8243; global_colors_info=\u00bb{}\u00bb][et_pb_column type=\u00bb2_5&#8243; _builder_version=\u00bb4.19.2&#8243; _module_preset=\u00bbdefault\u00bb global_colors_info=\u00bb{}\u00bb][et_pb_text _builder_version=\u00bb4.21.0&#8243; _module_preset=\u00bbdefault\u00bb text_font=\u00bb|600|||||||\u00bb text_text_color=\u00bb#0a0001&#8243; text_font_size=\u00bb23px\u00bb text_line_height=\u00bb1.8em\u00bb custom_padding=\u00bb18px||18px|7px|true|false\u00bb global_colors_info=\u00bb{}\u00bb]<\/p>\n<p>Limpieza de drenajes<\/p>\n<p>[\/et_pb_text][et_pb_divider color=\u00bb#ed6a12&#8243; _builder_version=\u00bb4.21.0&#8243; _module_preset=\u00bbdefault\u00bb border_width_top=\u00bb5px\u00bb border_color_top=\u00bb#ed6a12&#8243; locked=\u00bboff\u00bb global_colors_info=\u00bb{}\u00bb][\/et_pb_divider][et_pb_text _builder_version=\u00bb4.21.0&#8243; _module_preset=\u00bbdefault\u00bb text_font=\u00bb|600|||||||\u00bb text_text_color=\u00bb#0a0001&#8243; text_font_size=\u00bb20px\u00bb text_line_height=\u00bb1.8em\u00bb custom_padding=\u00bb18px||18px|7px|true|false\u00bb global_colors_info=\u00bb{}\u00bb]<\/p>\n<p>Sondeo de tuber\u00edas<\/p>\n<p>Limpieza de rejillas<\/p>\n<p>Destaponamiento de tuber\u00edas<\/p>\n<p>Contingencias ambientales<\/p>\n<p>[\/et_pb_text][\/et_pb_column][et_pb_column type=\u00bb3_5&#8243; _builder_version=\u00bb4.19.2&#8243; _module_preset=\u00bbdefault\u00bb global_colors_info=\u00bb{}\u00bb][et_pb_image src=\u00bbhttps:\/\/aguaydrenajedelbajio.com.mx\/wp-content\/uploads\/2023\/06\/limp_drenajes.jpg\u00bb title_text=\u00bblimp_drenajes\u00bb _builder_version=\u00bb4.21.0&#8243; _module_preset=\u00bbdefault\u00bb animation_style=\u00bbfade\u00bb border_radii=\u00bbon|7px|7px|7px|7px\u00bb global_colors_info=\u00bb{}\u00bb][\/et_pb_image][\/et_pb_column][\/et_pb_row][et_pb_row column_structure=\u00bb2_5,3_5&#8243; use_custom_gutter=\u00bbon\u00bb make_equal=\u00bbon\u00bb _builder_version=\u00bb4.21.0&#8243; _module_preset=\u00bbdefault\u00bb background_color=\u00bbrgba(255,255,255,0.65)\u00bb max_width=\u00bb1200px\u00bb custom_margin=\u00bb25px||25px||true|false\u00bb custom_padding=\u00bb|31px||31px|false|true\u00bb animation_style=\u00bbslide\u00bb animation_direction=\u00bbleft\u00bb scroll_scaling_enable=\u00bbon\u00bb custom_css_main_element=\u00bbdisplay: flex;||align-items: center;\u00bb border_radii=\u00bbon|10px|10px|10px|10px\u00bb box_shadow_style=\u00bbpreset3&#8243; global_colors_info=\u00bb{}\u00bb][et_pb_column type=\u00bb2_5&#8243; _builder_version=\u00bb4.19.2&#8243; _module_preset=\u00bbdefault\u00bb global_colors_info=\u00bb{}\u00bb][et_pb_text _builder_version=\u00bb4.21.0&#8243; _module_preset=\u00bbdefault\u00bb text_font=\u00bb|600|||||||\u00bb text_text_color=\u00bb#0a0001&#8243; text_font_size=\u00bb23px\u00bb text_line_height=\u00bb1.8em\u00bb custom_padding=\u00bb18px||18px|7px|true|false\u00bb global_colors_info=\u00bb{}\u00bb]<\/p>\n<p>Video inspecci\u00f3n de tuber\u00edas<\/p>\n<p>[\/et_pb_text][et_pb_divider color=\u00bb#ed6a12&#8243; _builder_version=\u00bb4.21.0&#8243; _module_preset=\u00bbdefault\u00bb border_width_top=\u00bb5px\u00bb border_color_top=\u00bb#ed6a12&#8243; locked=\u00bboff\u00bb global_colors_info=\u00bb{}\u00bb][\/et_pb_divider][et_pb_text _builder_version=\u00bb4.21.0&#8243; _module_preset=\u00bbdefault\u00bb text_font=\u00bb|600|||||||\u00bb text_text_color=\u00bb#0a0001&#8243; text_font_size=\u00bb20px\u00bb text_line_height=\u00bb1.8em\u00bb custom_padding=\u00bb18px||18px|7px|true|false\u00bb global_colors_info=\u00bb{}\u00bb]<\/p>\n<p>Boroscopias<\/p>\n<p>[\/et_pb_text][\/et_pb_column][et_pb_column type=\u00bb3_5&#8243; _builder_version=\u00bb4.19.2&#8243; _module_preset=\u00bbdefault\u00bb global_colors_info=\u00bb{}\u00bb][et_pb_image src=\u00bbhttps:\/\/aguaydrenajedelbajio.com.mx\/wp-content\/uploads\/2023\/06\/videoinspeccion_de_tuberias.jpg\u00bb title_text=\u00bbvideoinspeccion_de_tuberias\u00bb _builder_version=\u00bb4.21.0&#8243; _module_preset=\u00bbdefault\u00bb animation_style=\u00bbfade\u00bb border_radii=\u00bbon|7px|7px|7px|7px\u00bb global_colors_info=\u00bb{}\u00bb][\/et_pb_image][\/et_pb_column][\/et_pb_row][et_pb_row column_structure=\u00bb2_5,3_5&#8243; use_custom_gutter=\u00bbon\u00bb make_equal=\u00bbon\u00bb _builder_version=\u00bb4.21.0&#8243; _module_preset=\u00bbdefault\u00bb background_color=\u00bbrgba(255,255,255,0.65)\u00bb max_width=\u00bb1200px\u00bb custom_margin=\u00bb25px||25px||true|false\u00bb custom_padding=\u00bb|31px||31px|false|true\u00bb animation_style=\u00bbslide\u00bb animation_direction=\u00bbright\u00bb scroll_scaling_enable=\u00bbon\u00bb custom_css_main_element=\u00bbdisplay: flex;||align-items: center;\u00bb border_radii=\u00bbon|10px|10px|10px|10px\u00bb box_shadow_style=\u00bbpreset3&#8243; global_colors_info=\u00bb{}\u00bb][et_pb_column type=\u00bb2_5&#8243; _builder_version=\u00bb4.19.2&#8243; _module_preset=\u00bbdefault\u00bb global_colors_info=\u00bb{}\u00bb][et_pb_text _builder_version=\u00bb4.21.0&#8243; _module_preset=\u00bbdefault\u00bb text_font=\u00bb|600|||||||\u00bb text_text_color=\u00bb#0a0001&#8243; text_font_size=\u00bb23px\u00bb text_line_height=\u00bb1.8em\u00bb custom_padding=\u00bb18px||18px|7px|true|false\u00bb global_colors_info=\u00bb{}\u00bb]<\/p>\n<p>Limpieza de trampas de grasa<\/p>\n<p>[\/et_pb_text][et_pb_divider color=\u00bb#ed6a12&#8243; _builder_version=\u00bb4.21.0&#8243; _module_preset=\u00bbdefault\u00bb border_width_top=\u00bb5px\u00bb border_color_top=\u00bb#ed6a12&#8243; locked=\u00bboff\u00bb global_colors_info=\u00bb{}\u00bb][\/et_pb_divider][et_pb_text _builder_version=\u00bb4.21.0&#8243; _module_preset=\u00bbdefault\u00bb text_font=\u00bb|600|||||||\u00bb text_text_color=\u00bb#0a0001&#8243; text_font_size=\u00bb20px\u00bb text_line_height=\u00bb1.8em\u00bb custom_padding=\u00bb18px||18px|7px|true|false\u00bb global_colors_info=\u00bb{}\u00bb]<\/p>\n<p>Limpieza y desazolve de trampas de grasa<\/p>\n<p>Traslado de residuos<\/p>\n<p>[\/et_pb_text][\/et_pb_column][et_pb_column type=\u00bb3_5&#8243; _builder_version=\u00bb4.19.2&#8243; _module_preset=\u00bbdefault\u00bb global_colors_info=\u00bb{}\u00bb][et_pb_image src=\u00bbhttps:\/\/aguaydrenajedelbajio.com.mx\/wp-content\/uploads\/2023\/06\/limpieza_trampas_grasa.jpg\u00bb title_text=\u00bblimpieza_trampas_grasa\u00bb _builder_version=\u00bb4.21.0&#8243; _module_preset=\u00bbdefault\u00bb animation_style=\u00bbfade\u00bb border_radii=\u00bbon|7px|7px|7px|7px\u00bb global_colors_info=\u00bb{}\u00bb][\/et_pb_image][\/et_pb_column][\/et_pb_row][\/et_pb_section]<\/p>\n","protected":false},"excerpt":{"rendered":"<p>Cat\u00e1logo de ServiciosDesazolve de fosas y\/o tanques:Limpieza de fosas s\u00e9pticas Limpieza de tanques Limpieza de tanques por buceo Limpieza de tanques en plantas de tratamiento Limpieza de c\u00e1rcamosLimpieza de drenajesSondeo de tuber\u00edas Limpieza de rejillas Destaponamiento de tuber\u00edas Contingencias ambientalesVideo inspecci\u00f3n de tuber\u00edasBoroscopiasLimpieza de trampas de grasaLimpieza y desazolve de trampas de grasa Traslado de [&hellip;]<\/p>\n","protected":false},"author":1,"featured_media":0,"parent":0,"menu_order":0,"comment_status":"closed","ping_status":"closed","template":"","meta":{"_et_pb_use_builder":"on","_et_pb_old_content":"<!-- wp:divi\/placeholder \/-->","_et_gb_content_width":"","footnotes":""},"class_list":["post-25","page","type-page","status-publish","hentry"],"_links":{"self":[{"href":"https:\/\/aguaydrenajedelbajio.com.mx\/index.php\/wp-json\/wp\/v2\/pages\/25","targetHints":{"allow":["GET"]}}],"collection":[{"href":"https:\/\/aguaydrenajedelbajio.com.mx\/index.php\/wp-json\/wp\/v2\/pages"}],"about":[{"href":"https:\/\/aguaydrenajedelbajio.com.mx\/index.php\/wp-json\/wp\/v2\/types\/page"}],"author":[{"embeddable":true,"href":"https:\/\/aguaydrenajedelbajio.com.mx\/index.php\/wp-json\/wp\/v2\/users\/1"}],"replies":[{"embeddable":true,"href":"https:\/\/aguaydrenajedelbajio.com.mx\/index.php\/wp-json\/wp\/v2\/comments?post=25"}],"version-history":[{"count":14,"href":"https:\/\/aguaydrenajedelbajio.com.mx\/index.php\/wp-json\/wp\/v2\/pages\/25\/revisions"}],"predecessor-version":[{"id":819,"href":"https:\/\/aguaydrenajedelbajio.com.mx\/index.php\/wp-json\/wp\/v2\/pages\/25\/revisions\/819"}],"wp:attachment":[{"href":"https:\/\/aguaydrenajedelbajio.com.mx\/index.php\/wp-json\/wp\/v2\/media?parent=25"}],"curies":[{"name":"wp","href":"https:\/\/api.w.org\/{rel}","templated":true}]}}